 - (4 - (9 - 2)).
3
Calculate -9 - ((-5 - -6) + -1).
-9
Evaluate -7 + 8 + 0 + 3.
4
What is 6 - -11 - 6 - 21?
-10
What is the value of (-2 - (0 + 5)) + 10 + 1?
4
What is (1 - 5 - -12) + -3?
5
-5 + (2 - 0) - (-40 - -33)
4
(24 + -26 - (2 + -9)) + -6
-1
What is the value of 5 + (4 - 1) + -3?
5
What is the value of (-1 - -4) + (9 - 2 - 12)?
-2
What is the value of -18 + 12 + (3 - (2 + 2))?
-7
9 - 6 - 8 - (0 + -8)
3
What is the value of -7 + -6 + 0 + -10 + 18?
-5
Evaluate 0 + (6 - 3) + -1 + 1.
3
What is the value of (1 - -5) + -3 - 0?
3
What is the value of -6 + 4 + -1 - -8?
5
What is the value of -5 - (5 + -2 + -7)?
-1
What is the value of -8 - (-4 + -20) - 12?
4
-2 - -6 - 0 - 4
0
What is 57 + -73 + (13 - 1)?
-4
What is (0 - -3) + (-2 - 9) + 5?
-3
-2 - (1 + 0) - (-26 + 21)
2
What is -362 - -364 - (-7 + 0 + 0)?
9
Calculate -9 + 5 + (7 - 1) - -7.
9
What is the value of -3 + (3 - -3) + -1?
2
-154 - -156 - ((-1 - 1) + -2)
6
Evaluate -3 - (1 - 7 - (5 - 11)).
-3
What is 2 - 2 - -4 - (2 + 2)?
0
-2 - (-2 - 1) - (-1 - 1)
3
Calculate 69 - 69 - (3 - (-2 - -2)).
-3
Evaluate (6 - 6) + -2 + 4 + -2.
0
Evaluate 1 + (8 - (7 + 9)).
-7
What is the value of -1 - ((0 - -2) + -7)?
4
What is the value of -3 - (11 + -3 + -3 - 3)?
-5
Evaluate 3 + -1 + (-4 - -5 - 1).
2
(3 - 0 - 0) + (-41 - -32)
-6
What is the value of 2 + (4 - (13 + -4))?
-3
What is the value of 0 + (8 - 4) + -8?
-4
(7 - 9 - 1) + (1 - -1)
-1
Calculate -3 - (0 + (2 + 0 - -1)).
-6
What is -4 + 3 - ((2 - -1) + -3)?
-1
Calculate 13 - 13 - (-2 - -1).
1
What is the value of -2 + -1 - (-17 - (7 - 16))?
5
What is (0 + 0 - 3) + 3 + -3?
-3
What is 0 - -10 - (29 + -23)?
4
8 + -6 + (-15 - -11)
-2
Evaluate 1 + -6 - (5 - 2 - 4).
-4
What is -3 + 16 + -15 - (-1 - 1)?
0
Evaluate (-2 + 2 - -6) + (-1 - 0).
5
4 + -4 + -3 + (-1 - 1)
-5
What is the value of -4 - (-6 - (-1 + -3))?
-2
What is -193 + 189 - (-1 - (-2 - -2))?
-3
What is -2 + (-7 - -1 - (0 + -4))?
-4
What is 2 - (-3 - (-3 - -3))?
5
Calculate 14 + 12 + -12 + -5.
9
What is -9 + (7 + -5 - -3) - -4?
0
Evaluate -24 - -31 - (-1 + 4).
4
Evaluate 1 - 0 - (-1 - -3).
-1
What is 7 + -3 + 6 + -11 + 0?
-1
What is the value of 8 + -10 + 4 + 6?
8
Calculate 0 - (7 + -7 + 6).
-6
(2 - 1) + 9 + -10 + 3
3
(-6 - -8) + 1 + (-1 - 0)
2
Evaluate -2 + (1 + -2 - (-1 - 7)).
5
Evaluate 2 + 0 - -2 - -1 - 6.
-1
3 - 1 - (0 - 0) - -2
4
Calculate 2 - 0 - (-10 - -11).
1
-16 + 32 + -3 + 0 - 5
8
What is -11 + 7 - (-1 - 3)?
0
Calculate -3 - (-6 + (1 - -1)).
1
What is 5 + -2 - (29 + -23) - -14?
11
What is -8 + 3 + -2 + -2?
-9
-2 + (-5 - -3) + 9 - 0
5
6 + -5 + 0 + -1 + 1
1
What is -10 + 2 + -4 + 19?
7
-1 + (-2 - -3) + 5
5
Calculate 21 + -14 + -14 + 3 - 1.
-5
What is 4 + (1 - 5) - (6 + -13)?
7
-15 - (-15 - -9 - 8)
-1
What is the value of 6 + 21 + -2 + -15?
10
3 - 7 - 2 - -1
-5
What is the value of 3 + -3 - 6 - -8?
2
0 + -6 + (7 - -5) + -2
4
-1 - (1 + -7 + (5 - 2))
2
Evaluate 4 + (5 - (9 + 2)) - 1.
-3
What is the value of 28 + -18 + -4 + 4?
10
What is the value of -148 - -134 - (-12 + 0)?
-2
Calculate (6 - -3) + -12 + 1 + -3.
-5
Evaluate 4 + 1 + (-14 - -5) + -3.
-7
What is the value of -2 - (7 - (4 + 7))?
2
Calculate 0 - (-1 + 6 - 10) - 2.
3
Evaluate -8 + 4 + (0 - (-6 - -4)).
-2
What is -4 - (-1 - (2 - 1))?
-2
What is -1 + -1 - (1 + -2 + -4)?
3
Evaluate -1 + 0 + -7 + (1 - 0).
-7
-5 - -2 - (-2 + -2 - 4)
5
Calculate 1 + 2 + -165 + 157.
-5
Calculate 1 - ((4 - -7) + -5 + 3).
-8
-2 - (5 + 2 - 4)
-5
What is 1 + -4 + 8 + -8 + 1?
-2
Calculate 2 + (-4 - 3 - (-23 + 18)).
0
-56 - -59 - (8 - 2)
-3
(18 - (1 + 7)) + -7
3
Evaluate -7 - (6 + -17 + 6).
-2
Evaluate -1 + (2 - 1) + (-155 - -152).
-3
What is the value of -1 + 7 - 3 - (2 - 1)?
2
What is -6 + 1 + -3 + 9 - 0?
1
Calculate -1 - (-4 + (2 - -2)).
-1
Evaluate -4 - (1 + 3 + -3 - 1).
-4
Calculate 1 + (3 - 6) - (-7 + 0).
5
Calculate 6 + (3 - 6) + (3 - 4).
2
1 - (-2 - (-3 - (-2 - 3)))
5
-5 + (11 - 27) + 13
-8
-5 + 0 + 14 + -7 - -2
4
18 - (-13 + 25) - (-1 + 7)
0
What is -5 + 6 + 3 + -7 - -6?
3
What is (-2 + -1 - -1 - 2) + 11?
7
What is 8 + (-1 + 1 - 0 - 6)?
2
Evaluate 1 + 4 + -5 - 5 - -10.
5
(-5 - (-1 - -1)) + 5 + 0
0
What is 3 + 0 + 2 + -5 + -6?
-6
What is the value of 5 + (1 - 4 - 4)?
-2
What is the value of 28 + -22 - (12 - 0)?
-6
What is the value of 0 - (5 - 13) - 6?
2
What is -10 + (4 - -5 - 3)?
-4
What is the value of -16 + 26 - (7 + (-4 - -2))?
5
Evaluate (1 - 3 - -2) + (22 - 18).
4
What is -3 + 2 + -2 + 1?
-2
-10 + (-2 - (-8 + 3 + -1))
-6
Calculate 1 + -14 + -3 + 10.
-6
-29 - -37 - (6 + -1)
3
Evaluate 0 + -4 + (-6 - -15).
5
What is the value of 5 - (-1 + -3 + -2 + 10)?
1
What is 265 + -266 - (1 - (8 - -1))?
7
Evaluate 1 + 1 + (-5 - -1) + -3.
-5
What is -7 - (-8 - (4 - 15 - -8))?
-2
1 + 0 - 2 - (1 + 0)
-2
Evaluate 0 - (-45 + 49 - (6 - 1)).
1
What is -2 + 0 + 8 + 0 + -1?
5
What is -3 + 2 + 1 + (4 - 4)?
0
What is the value of -3 + (-29 - -24 - (0 - 8))?
0
Calculate 3 + -2 + 1 - (6 + -1).
-3
What is 13 + -10 + (-1 - (1 - -1))?
0
Evaluate (7 - -3) + -12 + 1.
-1
-5 + (2 - (1 - -4)) + 6
-2
What is the value of 10 + -11 + 8 + -3?
4
Calculate (10 - 1 - 3 - -1) + -4.
3
Calculate 7 + -7 + 1 - (-4 + -1).
6
What is 1 - (1 - 7) - 7?
0
Calculate 22 - 31 - (-5 + -10).
6
Calculate (17 - 1) + (5 - (7 + 5)).
9
Evaluate -10 + 6 - (-6 + 4 + -4).
2
What is -2 + (2 - (-3 - -8))?
-5
Calculate 0 + (-3 - (-3 + 1 + 3)).
-4
Calculate (2 - 1) + 2 + 0.
3
Calculate 3 + -8 + (-18 - -21) + 2.
0
Calculate -3 + (2 - 0) + 3.
2
What is (5 - 13) + 2 + 2 - -2?
-2
Evaluate 3 + -9 + 9 + 4.
7
Calculate 0 - (-7 - -1) - 13.
-7
What is the value of 4 - 2 - (-1 + (2 - -1))?
0
What is 17 + -24 + 1 + 9?
3
Calculate 5 + -3 + -3 + -4.
-5
Evaluate 11 + -18 + (2 - -11) + -1.
5
Calculate -5 - -1 - (-11 + 12).
-5
5 + -1 + (-2 - -2)
4
What is -3 - (0 - (1 - 4 - 1))?
-7
What is (3 - -7) + -2 - (-2 + 6)?
4
What is the value of (-3 - -7 - 1) + -6?
-3
Evaluate (10 - 1) + (1 - 5).
5
Calculate 0 + 2 + (38 - 42).
-2
What is 5 - (2 + 0 + -1)?
4
What is the value of -14 - -6 - ((4 - 0) + -7)?
-5
-1 + (2 + -3 - 6)
-8
Evaluate 3 - -1 - (-5 - -3 - 2).
8
Evaluate (-6 - -4) + -15 + 11.
-6
Calculate -3 - (0 - -6 - 4).
-5
(-1 + -1 - 1) + -41 + 45
1
Calculate (-1 - 0) + 2 + -20 + 18.
-1
9 + -2 + -3 + -2 - 1
1
What is 6 - (-3 + -5 + 12)?
2
Calculate (18 - 11) + (-4 - (0 + 3)).
0
(0 - 3) + 9 - (-11 + 17)
0
What is the value of 0 - (1 + -5 + (-28 - -28))?
4
Evaluate 1 + -1 - -5 - (363 + -354).
-4
What is the value of -1 + (-23 - -21 - (-2 + -2))?
1
Calculate 11 + -11 + 3 - 8.
-5
16 + -20 + 7 - (5 - 0)
-2
What is (6 - 0) + (85 - 94)?
-3
What is -35 + 26 + (2 - -4)?
-3
Calculate (2 - 0) + (7 - 7) - -1.
3
Calculate 5 - (15 + -6 + -4).
0
What is 11 + 15 + -37 + 12?
1
What is the value of (-1 - 3) + 1 + -1 + 0?
-4
Calculate (3 + 3 + -6 - -2) + 0.
2
Evaluate (6 + 0 - 5) + (-1 - 2).
-2
What is the value of 7 + (3 - 4) + -13 + 7?
0
-12 + 15 + (5 - 4)
4
Calculate (10 - 5) + -9 + 2 + -4.
-6
Calculate (0 - -2 - (-10 - -5)) + 0.
7
(-1 - -5 - (-9 + 18)) + -2
-7
Calculate 9 + -10 - (-3 - -3).
-1
Evaluate 3 + 1 - (28 - 16).
-8
What is the value of 10 + 2 + -18 + 6?
0
What is 3 - 4 - (-2 + 6)?
-5
0 + (5 - 4) + 2
3
0 - (4 - (5 - 2))
-1
Calculate 23 + 22 + -39 + -5 + -1.
0
-16 + 15 - (1 + -3 + 2)
-1
Evaluate 4 - (7 - (3 - 0)).
0
-7 - 0 - (8 + (-30 - -15))
0
What is -9 + 9 + -8 + 14?
6
What is 0 + -1 + -2 + 5?
2
Evaluate (1 - 7) + (96 - 90).
0
Evaluate 4 - 3 - (1 - (-2 - -3)).
1
Evaluate 1 + 9 + -126 + 120.
4
What is -2 + -4 + 2 - (-3 + 0)?
-1
What is -3 - (48 + -44 + (-9 - -1))?
1
What is the value of -1 + 7 + -17 + 6?
-5
What is 4 + (-5 - (4 - 4))?
-1
Evaluate -3 + (1 + 2 - 2).
-2
What is 10 - (-9 - (-14 - 9))?
-4
What is (-7 - (1 + 1 + -10)) + -6?
-5
What is the value of -17 - -11 - (1 - 2)?
-5
(4 - 13) + (6 - (6 - 3))
-6
Evaluate (3 - 0) + (5 - 3).
5
10 + -14 + (-3 + 0 - 2)
-9
(103 - 106) + 0 + 9
6
Evaluate 4 + -1 + (-3 - 0).
0
(3 - (3 + -13)) + (6 - 12)
7
Calculate -2 - 1 - (71 + -67).
-7
What is (-6 + -2 - -6) + -1 + -3?
-6
(3 - -1) + 11 + -3 + -10
2
What is the value of (-3 - (4 - 6) - -3) + 0?
2
What is the value of 2 + -13 - (4 + -9)?
-6
0 + (2 - 2 - -2 - 6)
-4
What is the value of -1 + 5 + (0 + 6 - 7)?
3
Evaluate (0 - (-6 - -6)) + 6 + -1.
5
What is 1 + 2 - (-11 - -13)?
1
-7 + -3 + 3 + 1 - -4
-2
What is the value of -1 - (9 + (-2 - 7))?
-1
Calcu